 a.
3, 31
Let t(s) = 4*s**2 - 34*s - 34. Let i be t(16). Suppose i + 220 = 2*x. Suppose 3*m = 3*k - x, k + 4*m - 96 = -0*k. List the prime factors of k.
2, 3
Let v(t) = 71*t - 1389. List the prime factors of v(51).
2, 3, 31
Let a = 47 + -41. Suppose 0 = t - s - 4 + a, 0 = -5*t - 5*s - 30. What are the prime factors of 1*2/t - (-690)/12?
3, 19
Suppose 5*o - 16025 = 3*z, 30*o - 6410 = 28*o - 2*z. Suppose -5*b - i = -o, -13*b = -12*b - 3*i - 625. What are the prime factors of b?
2, 5
Suppose 0 = 11*j - 13*j + 4*y + 12748, -j + 6423 = 5*y. List the prime factors of j.
2, 1597
Let n = 11 - 8. Let q be 5/1*(-3 - -4) - 1. Suppose -q*b + 1127 = n*b. List the prime factors of b.
7, 23
Let g(o) be the second derivative of 11*o**4/12 + 7*o**3/6 + 7*o**2 - 49*o. What are the prime factors of g(-4)?
2, 3
Let i be 1 + 1 + -2 - (1 - 2). Suppose 2*h - 7 - i = 0. Suppose h*p = -3*k + 213, -3*k = -p + 3*p - 219. What are the prime factors of k?
3, 5
Suppose -2*y + 10*i + 9683 = 5*i, 5*y - 2*i = 24155. Suppose -2*p = -7*p + 20, -4*p - y = -5*h. What are the prime factors of h?
3, 17, 19
Suppose 13 = 4*k + 33, k = 5*i - 15835. What are the prime factors of i?
2, 1583
Let y be (-1 - -4)*1232/66. Suppose y = 2*u - 6*u. List the prime factors of (2306/14)/1 - 4/u.
3, 5, 11
What are the prime factors of 244/36 + -7 + 102251/9?
3, 7, 541
List the prime factors of ((-54)/24 - -3) + (-109806)/(-24).
2, 11, 13
Let h = 452 + 1001. List the prime factors of h.
1453
Let p(h) be the third derivative of h**5/20 + 7*h**4/24 - 7*h**3/6 - 12*h**2. Let f(z) = -z + 18. Let b be f(14). List the prime factors of p(b).
3, 23
Let u = -564 - -589. Suppose -23*s - 424 = -u*s. List the prime factors of s.
2, 53
Let l(b) = b**2 - 16*b + 45. Let w be l(13). Let n(u) be the second derivative of u**4/3 + 7*u**2/2 - u. List the prime factors of n(w).
151
Suppose 2*b - 11725 - 196423 = -3*v, -b - 346909 = -5*v. What are the prime factors of v?
2, 113, 307
Suppose -q = 4*m - 6221, 0 = -27*m + 24*m - 3*q + 4677. List the prime factors of m.
2, 3, 7, 37
Suppose 6*h = 4*h - 80. Let y be 4/h*-22 - 2/10. Suppose y*n + 128 = 580. List the prime factors of n.
2, 113
Let m(r) = -r**3 - 31*r**2 + 12*r + 50. What are the prime factors of m(-33)?
2, 229
Let x be (6/(-9))/(2/558). Suppose 41 + 89 = -r - 2*c, -275 = 2*r - c. Let h = r - x. What are the prime factors of h?
2, 5
Suppose 22743 = 5*h + 2*v - 18119, 2*v - 8182 = -h. List the prime factors of h.
2, 5, 19, 43
Let n = 22 - 18. Let b = -78 - -308. Suppose -n*y - 42 = -b. List the prime factors of y.
47
What are the prime factors of 7796 - 12 - 7 - (-1 - 6)?
2, 7, 139
Suppose -2*n - 2762 = -5*n - 5*c, 4*n - 3648 = 2*c. Let k = n - 597. What are the prime factors of k?
317
Let r(y) = 634*y**3 - 7*y**2 + 8*y + 11. What are the prime factors of r(2)?
11, 461
Suppose -62 + 32 = 5*u. List the prime factors of (-267)/u + (7 - (-26)/(-4)).
3, 5
Let w = -269 - -267. Let q(i) = -853*i + 8. What are the prime factors of q(w)?
2, 857
Suppose 2*a - 5232 = 2118. What are the prime factors of a?
3, 5, 7
Let s = -12857 - -18159. List the prime factors of s.
2, 11, 241
Let w be 38/6 - (-2)/(-6). Let o(p) = p - 4. Let r be o(w). Suppose r*b - 4*b = -170. List the prime factors of b.
5, 17
Let x(a) = 3*a**3 - 4*a**2 - 5*a + 12. Let r be x(3). Let g = r + 54. What are the prime factors of g?
2, 3
Let m(q) = -113*q**3 - 2*q**2 - 2*q. Let o be m(-1). Suppose -3*x + 5*j = -331, -x + j = -2*x + o. What are the prime factors of x?
2, 7
Let c = -247 - -241. Let m(x) = -7*x - 5. Let r(q) = -q. Let z(g) = m(g) + 6*r(g). List the prime factors of z(c).
73
Let a(h) = 13*h**2 - 27*h + 79. List the prime factors of a(-20).
11, 23
Let a = 1 - -2. Let k(l) = l**2 - l - 1. Let q(v) = v**3 + v**2 - 3*v - 4. Let n(x) = -3*k(x) + q(x). List the prime factors of n(a).
2
Let i be -2*3*2/4. Let m be -2*16/(-4) + i. Suppose m*c = 163 - 38. What are the prime factors of c?
5
Suppose 3*s + 2*u - 6 = 2, -3*s = 5*u - 20. Suppose s = -12*g + 7*g + 25. List the prime factors of -105*(g - (-27)/(-5)).
2, 3, 7
Suppose 9*q = -2*q + 22. Suppose 4*z - b = q*b + 13, 4*b - 4 = 0. Suppose 0 = -2*o - z*h + 10, 0*o - 23 = -4*o - 5*h. What are the prime factors of o?
7
Suppose 2*x - 30 = 5*p, 0*p + p - 2*x = 2. Let b = p + 12. Suppose -b*m - m + 245 = 0. List the prime factors of m.
7
Let r be 0/(10 + -17) - 4/(-1). Suppose -2*w + 3*q = 31 - 159, r*w - 216 = -4*q. List the prime factors of w.
2, 29
Let z be ((-6)/4)/((-18)/48). Suppose -10 = -2*y + 5*t, 0 = z*y - 4*t - 10 + 2. Suppose 4*h = h + l + 490, h + 5*l - 174 = y. List the prime factors of h.
2, 41
Let z(g) = -g**3 + 3*g**2 + 3*g - 5. Let n be z(3). Suppose -u - 374 + 1644 = 3*w, 3*u - n*w - 3797 = 0. What are the prime factors of u?
7, 181
Suppose 24*y = 413905 - 164324 + 604867. List the prime factors of y.
2, 7, 2543
Let u = -135 + 166. What are the prime factors of 1 - -9*(u + -2)?
2, 131
Suppose 58*d - 12*d + 40*d = 3493406. List the prime factors of d.
7, 829
Let y(d) = 1753*d - 6. Let l be y(-2). Let x be ((-4)/16)/(2/l). Suppose 4*v - x - 425 = 0. List the prime factors of v.
2, 3
Let p = 6757 - 5042. What are the prime factors of p?
5, 7
Let c = 5448 - -180. What are the prime factors of c?
2, 3, 7, 67
Suppose 5*c + 9735 = 5*g, 0 = -125*g + 127*g + 3*c - 3884. List the prime factors of g.
5, 389
Suppose -130 = 15*g - 325. Suppose 0 = -g*o + 22*o - 45. List the prime factors of (20/o - 3)*142.
2, 71
Let j be 19/((-114)/(-4572)) - (-7 - -1). What are the prime factors of (j/120)/(2/395)?
2, 79
Suppose 44999795 = 49*a + 614*a - 13513933. List the prime factors of a.
2, 7, 197
Suppose 0 = 5*p - 5*q - 5, 0 = -2*q + 8 - 4. Let b(v) = 286*v - 31. List the prime factors of b(p).
827
Let p(c) = -11*c - 113. Let i be p(-9). List the prime factors of 2*(39/2 + i/28).
2, 19
Let u be 3 - (7 - 21)/7. Let j(t) = 143*t + 27. What are the prime factors of j(u)?
2, 7, 53
Let c(x) = 9*x**2 + 54*x - 32. What are the prime factors of c(-17)?
13, 127
Let o be 83/7 + 65/(-35) + 2. Let z = -11 - -15. What are the prime factors of (z - (-2 + 2)) + -3 + o?
13
Let a(y) = 2*y**2 + 29*y - 8. Let n be a(-15). Suppose n*v = 6 + 8. Suppose -v*g + 174 = -g. List the prime factors of g.
2, 3, 29
Let r = 19 + 13. Suppose -6*p + 2*p - r = 0. Let g(y) = y**2 - 2*y + 6. List the prime factors of g(p).
2, 43
Let h(t) = -1302*t - 4. Let a be h(-2). Suppose w - 6*w + a = 4*c, -3*w + 5*c = -1597. What are the prime factors of w?
2, 131
Let l = -66471 - -125011. List the prime factors of l.
2, 5, 2927
Suppose 26 = n - 12. Suppose 0 = 48*a - n*a - 830. What are the prime factors of a?
83
Let f be 1/(-6 - (-6394)/1066). Let n = 1087 + f. List the prime factors of n.
2, 277
Let f be 59*((-2)/6)/(12/(-540)). Let b = f + -448. List the prime factors of b.
19, 23
Let c(f) = -799*f + 2393. What are the prime factors of c(-20)?
19, 967
Let z be (-1138)/(-20) + 1/10. Suppose 1869 = 18*g - z. List the prime factors of g.
107
Suppose -2*x - 59 - 263 = -2*w, 4*x + 4*w = -628. Let v be 2/(-7) - 850/14. Let i = v - x. List the prime factors of i.
2, 7
Let j(x) = 15. Let n(z) = -z - 45. Let h(s) = 11*j(s) + 4*n(s). Let c be h(-5). Suppose -c*p = -7*p + 162. List the prime factors of p.
3
Let m(a) = -43*a**2 - 9*a - 29. Let d(y) = -22*y**2 - 5*y - 15. Let h(c) = -5*d(c) + 2*m(c). List the prime factors of h(-5).
2, 3, 97
Let r(x) = -2*x**3 - 83*x**2 + 7*x - 167. What are the prime factors of r(-44)?
5, 7, 263
Suppose -37373 = -12*v + 96490 + 8145. What are the prime factors of v?
2, 61, 97
Let n be (2 - 1*4)*(-99)/(-22). Let q = n + 2. What are the prime factors of (8 + q)/((-2)/(-62))?
31
Let t(n) = 4*n + 9. Let k be t(-2). Let x be 54 + k*2/(-4)*0. Suppose -3*y - y = -c + 54, c - x = 5*y. List the prime factors of c.
2, 3
List the prime factors of (-291168)/(-360) - 18/10.
3, 269
What are the prime factors of (2/(-4))/((-15)/(-6)) + (-179886)/(-105)?
3, 571
Let u(b) = b**3 + 13*b**2 + 8*b - 26. Let i be u(-12). Let q = 24 - i. Suppose 0 = j + 3*p - 66, 6*j - 328 = q*j + 4*p. What are the prime factors of j?
2, 3, 13
List the prime factors of (-12*(-18)/(-54))/((-1)/2141) - 5.
3, 317
Suppose -2*m + 20483 = g, -g - 10246 = -42*m + 41*m. What are the prime factors of m?
10243
Suppose -4*v = 0, 